ue
Is 5468701 composite?
True
Is 60311 prime?
False
Is 373883 composite?
True
Is 944819 prime?
False
Is 8497 a composite number?
True
Is 180211 a prime number?
True
Is 37919 a prime number?
False
Is 27451 composite?
True
Is 391 prime?
False
Is 266759 prime?
True
Is 53651 prime?
False
Is 196111 a composite number?
False
Is 49577 a prime number?
False
Is 755291 composite?
True
Is 11 prime?
True
Is 35549 a composite number?
True
Is 41126 a prime number?
False
Is 47363 a prime number?
True
Is 97285 a composite number?
True
Is 4694 prime?
False
Is 2939 a prime number?
True
Is 3235591 composite?
False
Is 7393 a prime number?
True
Is 1323889 a prime number?
False
Is 56629 a prime number?
True
Is 374203 composite?
False
Is 326031 composite?
True
Is 673 prime?
True
Is 165687 a composite number?
True
Is 25391 composite?
False
Is 7121 composite?
False
Is 119587 prime?
False
Is 799 prime?
False
Is 6274 prime?
False
Is 10702 a composite number?
True
Is 588631 a composite number?
False
Is 1793 prime?
False
Is 8923 composite?
False
Is 58711 composite?
False
Is 65933 a prime number?
False
Is 27847 a prime number?
True
Is 39665 composite?
True
Is 6385 composite?
True
Is 1132019 a composite number?
True
Is 9127 a composite number?
False
Is 9989 prime?
False
Is 5747 composite?
True
Is 10211 composite?
False
Is 28429 a composite number?
False
Is 38039 a prime number?
True
Is 258139 a composite number?
True
Is 33209 composite?
True
Is 10283329 composite?
True
Is 77069 prime?
True
Is 466471 a composite number?
True
Is 15133 a composite number?
True
Is 17519 prime?
True
Is 40417 a prime number?
False
Is 1700377 prime?
False
Is 22723 a composite number?
True
Is 634417 composite?
True
Is 12581 composite?
True
Is 825919 composite?
False
Is 5350831 composite?
False
Is 6389341 a prime number?
False
Is 47413 prime?
False
Is 3907 a prime number?
True
Is 3251 a prime number?
True
Is 14809 a prime number?
False
Is 2237 a composite number?
False
Is 481 prime?
False
Is 127817 composite?
False
Is 331 a composite number?
False
Is 929 a prime number?
True
Is 9235 a composite number?
True
Is 3593 prime?
True
Is 155941 prime?
False
Is 521 a prime number?
True
Is 763 composite?
True
Is 3131 a prime number?
False
Is 13859 composite?
False
Is 29899 prime?
False
Is 14353 composite?
True
Is 162473 composite?
False
Is 4597 a prime number?
True
Is 3859 prime?
False
Is 977 prime?
True
Is 35201 a composite number?
False
Is 543 a prime number?
False
Is 79661 a prime number?
False
Is 239699 a composite number?
False
Is 11401 prime?
False
Is 306879 a composite number?
True
Is 16207 composite?
True
Is 11201 prime?
False
Is 7411 composite?
False
Is 10637 a prime number?
False
Is 2413 a composite number?
True
Is 14695 prime?
False
Is 485603 prime?
True
Is 8009 composite?
False
Is 18227 a prime number?
False
Is 88993 composite?
False
Is 241283 a prime number?
False
Is 634745 a composite number?
True
Is 34234 composite?
True
Is 4453 a composite number?
True
Is 53554 prime?
False
Is 6779 a prime number?
True
Is 26057 a prime number?
False
Is 51931 prime?
False
Is 27074 a composite number?
True
Is 1637759 prime?
True
Is 92098 a composite number?
True
Is 6065 prime?
False
Is 73819 composite?
False
Is 773231 a composite number?
False
Is 1739 a composite number?
True
Is 18649 composite?
True
Is 118493 a prime number?
True
Is 246481 a prime number?
False
Is 1067 a prime number?
False
Is 50921 a composite number?
True
Is 47326 a composite number?
True
Is 20287 prime?
True
Is 1776439 composite?
True
Is 483023 a prime number?
False
Is 3967 composite?
False
Is 19207 composite?
False
Is 177647 composite?
False
Is 85321 composite?
True
Is 132889 prime?
False
Is 59329 a prime number?
False
Is 295693 a prime number?
True
Is 282229 prime?
True
Is 27767 prime?
True
Is 1329 prime?
False
Is 537 a composite number?
True
Is 465286 composite?
True
Is 860093 composite?
True
Is 11065 a prime number?
False
Is 64133 composite?
True
Is 3419 composite?
True
Is 3761 a prime number?
True
Is 2253169 composite?
False
Is 3433 a prime number?
True
Is 371 a prime number?
False
Is 57413 a prime number?
True
Is 787715 a prime number?
False
Is 398773 composite?
True
Is 411821 composite?
False
Is 244687 prime?
True
Is 41749 a composite number?
True
Is 57497 prime?
False
Is 83537 prime?
True
Is 36523 composite?
False
Is 367646 prime?
False
Is 36485 a composite number?
True
Is 25409 a prime number?
True
Is 47665 a composite number?
True
Is 1657 a composite number?
False
Is 3047 composite?
True
Is 44167 composite?
True
Is 4561 a composite number?
False
Is 8579 prime?
False
Is 11959 composite?
False
Is 23603 a prime number?
True
Is 229343 prime?
True
Is 5201 a prime number?
False
Is 39929 a composite number?
False
Is 17257 prime?
True
Is 29765 a composite number?
True
Is 80479 a prime number?
False
Is 79 a composite number?
False
Is 92165 a composite number?
True
Is 7791077 composite?
True
Is 541433 composite?
True
Is 976609 composite?
True
Is 1657 a composite number?
False
Is 1673431 composite?
True
Is 82349 prime?
True
Is 2233157 composite?
True
Is 22889 prime?
False
Is 469909 a prime number?
False
Is 9311 a prime number?
True
Is 400679 a prime number?
True
Is 4721 a composite number?
False
Is 7741 a prime number?
True
Is 132407 composite?
True
Is 12158 a prime number?
False
Is 666733 a prime number?
True
Is 1757683 prime?
False
Is 456081 prime?
False
Is 48731 prime?
True
Is 63599 composite?
False
Is 490733 composite?
False
Is 19517 composite?
True
Is 563899 prime?
False
Is 2533 a prime number?
False
Is 79159 a composite number?
False
Is 12313 a prime number?
False
Is 5114 prime?
False
Is 64851 a prime number?
False
Is 2882599 prime?
True
Is 7829 a composite number?
False
Is 70165 prime?
False
Is 64687 composite?
True
Is 597823 a prime number?
True
Is 363017 composite?
False
Is 30971 composite?
False
Is 46229 composite?
False
Is 12323 composite?
False
Is 2077 a prime number?
False
Is 23995 a prime number?
False
Is 3299 composite?
False
Is 1707 a prime number?
False
Is 57497 prime?
False
Is 438983 a prime number?
True
Is 122659 composite?
True
Is 169063 a prime number?
True
Is 322277 composite?
True
Is 682789 prime?
True
Is 30521 composite?
True
Is 345937 a prime number?
True
Is 160289 prime?
False
Is 53503 prime?
True
Is 33287 prime?
True
Is 172489 a composite number?
False
Is 2885 a prime number?
False
Is 172281 a prime number?
False
Is 725147 a prime number?
True
Is 18101 a composite number?
True
Is 190699 a prime number?
True
Is 9461 a prime number?
True
Is 31439 prime?
False
Is 2625685 a composite number?
True
Is 4853 composite?
True
Is 46619 composite?
False
Is 10151 a composite number?
False
Is 535273 a prime number?
True
Is 6167 prime?
False
Is 48827 prime?
False
Is 11855 a prime number?
False
Is 202703 prime?
False
Is 1396183 composite?
False
Is 77411 a prime number?
False
Is 7639 prime?
True
Is 817783 a composite number?
False
Is 3957 prime?
False
Is 299147 a composite number?
False
Is 191095 prime?
False
Is 22601 a composite number?
True
Is 202907 a prime number?
True
Is 6353 composite?
False
Is 4499 prime?
False
Is 5333 a prime number?
True
Is 28958 a prime number?
False
Is 199639 prime?
False
Is 52361 prime?
True
Is 1176221 a composite number?
False
Is 35669 a composite number?
True
Is 34063 composite?
True
Is 303467 a prime number?
False
Is 137029 a prime number?
True
Is 3749 prime?
False
Is 1408937 a composite number?
True
Is 149971 prime?
True
Is 1172273 composite?
False
Is 22531 a prime number?
True
Is 1278337 composite?
False
Is 4547 a prime number?
True
Is 19489 prime?
True
Is 175709 composite?
False
Is 12333 prime?
False
Is 311981 a composite number?
False
Is 17333 a prime number?
True
Is 5087 a prime number?
True
Is 3841 a composite number?
True
Is 23054 composite?
True
Is 59987 composite?
True
Is 372917 a prime number?
True
Is 548959 composite?
True
Is 61909 composite?
False
Is 52103 composite?
False
Is 101999 a composite number?
False
Is 77761 a composite number?
False
Is 1273 prime?
False
Is 26497 composite?
False
Is 309409 a composite number?
True
Is 33373 a composite number?
True
Is 789883 a prime number?
True
Is 145711 prime?
False
Is 4849 a composite number?
True
Is 50449 a composite number?
True
Is 232329